q(y) = -y**3 + 6*y**2 - 4*y - 1. Let x be q(5). Calculate r(x).
-9
Let t(o) be the second derivative of o**4/12 + 7*o**3/6 + 4*o**2 - 55*o. Calculate t(-6).
2
Let z(j) = 3*j - 3. Let d be z(-1). Let n be (-27)/d + (-2)/4. Let t(p) = p**2 + 6. Let b(o) = o. Let y(s) = 6*b(s) - t(s). Calculate y(n).
2
Let g(i) = -i**2 - 2*i + 2. Suppose 0 = 2*r + 2*m + 2, -2*r - 26 = 3*r - 2*m. Calculate g(r).
-6
Let b(n) = -n**3 + 2*n**2 + 5*n - 4. Let w be 204/21 - 4/(-14). Suppose q - w = -4. Let k be q/(0 + (-2)/(-1)). Give b(k).
2
Suppose -4*g + 12 = 3*p - 17, -2*p - 5*g = -24. Let u(y) = y**2 - 6*y - 5. Let f be u(p). Let z(l) = 0 + 2 + 4*l**3 + 0*l - 2*l**3 - 3*l**2 - l. Calculate z(f).
4
Let u(y) = 5*y**2 - 3*y + 6. Suppose -2*g = -7*g - 20. Let f(a) = -6*a**2 + 2*a - 6. Let l(d) = g*f(d) - 5*u(d). Calculate l(5).
4
Suppose 7*j = 2*j + 5*v + 20, -2*j - 2*v = 0. Let c(p) = p - 5*p**2 + 0 + 4 + p**3 + j*p. Let i be 60/18*18/15. Calculate c(i).
0
Let i(c) = -c - 3. Let p(f) = f + 4. Let z(a) = 6*i(a) + 5*p(a). Let w be z(3). Let v(m) = 3 + 0 - 9*m - 4. What is v(w)?
8
Let u(y) = -3*y**3 + 9*y**2 + 6*y - 4. Let q(j) = -2*j**3 + 6*j**2 + 4*j - 3. Let i(x) = -7*q(x) + 5*u(x). Determine i(3).
7
Let x(z) = z**2 + 4*z - 2. Let f(u) = -u**3 + 5*u**2 - 5*u - 1. Let h be f(4). Give x(h).
3
Let x(y) = -4 + 3 + 0 - 162*y + 23*y**2 + 163*y. Determine x(1).
23
Let j(z) = -10 + 2*z + 5 + 4*z - z**2. Let h be j(6). Let u(t) = -t**3 - 5*t**2 + 2*t + 6. Give u(h).
-4
Suppose -r + 5*g - 20 = 0, 0 = -3*g + 12 + 3. Let w(a) = a + 2. What is w(r)?
7
Let f = 1 + -1. Suppose f = v + 2*v - 15. Let k(w) = -w + 6. Calculate k(v).
1
Suppose -i = 3*i - 4, -5*k - 2 = 3*i. Let o(y) = 10*y - 1. Calculate o(k).
-11
Let c be (1/(-3))/(1/(-18)). Suppose q - 2 = 4*v - 4, c = 3*v. Let m(s) = s**3 - 6*s**2 - s + 2. What is m(q)?
-4
Suppose -36 = -v - 5*b, -4*v - 2*b = 2*b - 64. Let x = -16 + v. Let h(n) = n**2 + 5*n + 3. Calculate h(x).
3
Let i = -4 + 0. Let w = i - -1. Let h(g) = -g + 1. Determine h(w).
4
Let s = 5 - -11. Let v = s - 11. Let r(w) = 3*w**2 - 4*w - 2. Let k(p) = -7*p**2 + 8*p + 5. Let x(t) = -2*k(t) - 5*r(t). What is x(v)?
-5
Let q(r) be the second derivative of 0 + 1/6*r**3 - r - 5*r**2. Let n be q(5). Let h(m) = m**2 + 6*m - 3. What is h(n)?
-8
Let p(a) = -a**3 + 4*a**2 - 2*a - 2. Let v(b) = b**2 + 3*b + 4. Let d be v(-4). Suppose 2*j = -2*j + d. Give p(j).
2
Let s be 7 + -2 + 1 - 2. Suppose -16 + 4 = s*i. Let k(g) be the third derivative of -g**5/60 + g**3/6 - 10*g**2. What is k(i)?
-8
Let y be (33/(-6) + 2)*2. Let k = y - -7. Let q(l) be the second derivative of l**3/6 - l**2 + l. Calculate q(k).
-2
Let h(f) = 8*f. Suppose 3*a + 14 = -5*g + 6*a, -4*a + 17 = -5*g. Determine h(g).
-8
Let s be (-56)/(-16)*8/14. Suppose -10 = 3*c + s*c. Let t(n) = n**3 + 4*n**2 + n - 2. Determine t(c).
4
Let u(x) = 1 - 2 - 2*x**3 - x + x**3. Let l(n) = 5*n**3 + 5*n**2 + 4*n + 5. Let i(y) = -l(y) - 4*u(y). What is i(-5)?
-1
Let x(a) = -a + 1. Let w = 58 + -50. What is x(w)?
-7
Suppose 0 = 2*r - 2, 4*i - 2*r - 10 = -0*r. Let t = 3 + 2. Let y(m) = m**3 + 2*m**2 + m + 2. Let f(w) = -w**2 - w. Let s(v) = t*f(v) + y(v). Calculate s(i).
-10
Let o(r) = 2*r + 2. Let j be o(-7). Let f = j + 7. Let u(k) = k**3 + k**2 + 3 + 4*k**2 + k**2 + 0*k**2 + 6*k. Determine u(f).
-2
Let m(w) be the first derivative of 5*w**4/4 + w + 33. Let a = 8 + -6. Let z = 3 - a. What is m(z)?
6
Let r(t) = t**3 + 3*t**2 - 3*t - 3. Let g(n) = -n**3 - 5*n**2 - 4*n. Let a be g(-3). Let x be (-2 - 4/a)*3. Give r(x).
-7
Let h(i) = i**3 + 2*i**2 - i + 2. Let p(b) = b**2 + 1. Let m(x) = h(x) - 3*p(x). Let v(s) = s**2 - 1. Let o(r) = -m(r) - v(r). Determine o(2).
-4
Suppose 3*y - 4 = 2. Let r = 6 - y. Let g(u) be the second derivative of u**3/2 - 5*u**2/2 + 3*u. What is g(r)?
7
Let y(n) = -16*n**2 - 30*n + 24. Let j(p) = -3*p**2 - 6*p + 5. Let i(l) = -11*j(l) + 2*y(l). Give i(-6).
-7
Let k(a) = 7 - 2 + 6 + 2*a. What is k(-9)?
-7
Let j = -5 - -8. Let d(a) = -6*a**2 + 9*a**j + 7*a**2 - 5*a + 5*a. What is d(1)?
10
Let f(j) = -5*j - 1. Suppose 4 = -5*p - 3*s, 4 = 4*p - s - 3. Determine f(p).
-6
Let m(u) = -6*u + 5*u - 2*u - 2*u - 5 + u**3 - 4*u**2. Determine m(5).
-5
Let c(k) = k**2 - k. Let q(w) = -w**3 - 11*w**2 - 7. Let a(n) = -5*c(n) - q(n). Suppose 2 = 2*z - 2. Suppose f - z*f = 5. What is a(f)?
7
Let m = 8 - 4. Let q = 5 - m. Let r = q + -4. Let p(b) = -b**3 - 3*b**2 + 2*b + 2. Give p(r).
-4
Let p(f) = -2*f**3 - 5*f**2 - 5*f - 2. Let b be p(-3). Let d = -2 + 4. Suppose -b = 3*t - 3*a - d*a, -5*t + a = 0. Let h(l) = -6*l + 1. Give h(t).
-5
Suppose 3*l + 3 = 3*u, -2*l + 7*l + 3*u + 21 = 0. Let m(r) = -18*r + 7*r + 10*r + 2*r. What is m(l)?
-3
Let l(v) be the first derivative of -3*v**2/2 + v + 11. Calculate l(-4).
13
Let c(p) = p - 2. Let j(m) = -3*m + 2. Let a be j(2). Let v be (-13)/a + 4/(-16). Calculate c(v).
1
Let d(s) be the second derivative of s**2 - 7/6*s**3 - 1/120*s**6 + 0*s**5 - s - 1/24*s**4 + 0. Let a(n) be the first derivative of d(n). Determine a(0).
-7
Let m(l) = l**2 + 5*l + 3. Let s be m(-5). Suppose 3*z = -0*z + s. Let y(n) = -n**2 + 3*n**2 + z - n**2. What is y(-1)?
2
Let h(l) be the second derivative of -l**3/2 + 3*l**2 - 8*l. Give h(4).
-6
Let p(q) = -q**3 - 6*q**2 - 3*q - 3. Let t(a) = -3*a**3 - 19*a**2 - 10*a - 8. Let b(o) = 7*p(o) - 2*t(o). What is b(-4)?
-1
Let i(v) = -7*v + 5 + 2*v + 4*v. What is i(0)?
5
Let l(x) = x**3 - x - 4*x**2 + 0*x**3 + 2*x. Determine l(4).
4
Let r be (14/(-10) - -2)*5. Let j be 2 + 3/r*2. Let s(p) = p**3 - 4*p**2 - 2*p - 3. Give s(j).
-11
Let s(m) = -m**3 + 2*m**2 + 2*m. Let x be s(3). Let l be (-2)/2 + (-1)/1. Let v = x + l. Let j(b) = -b**3 - 4*b**2 + 4*b - 2. What is j(v)?
3
Let z(t) be the second derivative of t**6/360 + t**5/30 + t**4/8 + t**3 - 2*t. Let m(s) be the second derivative of z(s). Determine m(-5).
8
Let m(a) = a + 1 + 0*a + a**2 + 2*a**3 - a**3 + 1. Suppose 2*o - 5*s = -9, -4 = -2*o + s - 1. Suppose 0*v = -o*v. What is m(v)?
2
Let r(x) = -5*x + 2*x + 2*x. Let h be -4*5*3/30. Determine r(h).
2
Let u(g) = -2*g**2 + 5*g. Let z(m) = m**2 + m. Let t(l) = 6*l**2 + 4*l. Let d(a) = 2*t(a) - 11*z(a). Let n(q) = -5*d(q) - 2*u(q). Give n(3).
6
Let k(x) be the first derivative of 1 - 1/2*x**2 - 4*x. Let f be k(0). Let l(j) = -3*j - 3. Give l(f).
9
Let k(n) be the first derivative of -n**3/3 - 9*n**2/2 - 8*n + 6. Calculate k(-6).
10
Let p(m) be the third derivative of m**5/60 + m**4/3 + 5*m**3/6 + 9*m**2. Let f(c) = -c**2 - 3*c + 4. Let w be f(-5). Give p(w).
-7
Let a be -2*(0/(-1) - 1). Let s(z) = -4 - 7*z**2 - 4*z + 2*z**3 - z**2 - z**3 + 4*z**a. Determine s(5).
1
Let f(t) = 3*t + 4. Suppose 1 = 5*h + 26. Calculate f(h).
-11
Let z(r) = -r - 4*r + 0 + 1 + 0. Determine z(1).
-4
Let c(l) be the second derivative of -l**4/12 + l**3 - 7*l**2/2 - 7*l. Determine c(5).
-2
Let t = -3 - -7. Suppose -t*a = 4*r, -23 = -2*a + 2*r - 3. Suppose 5*x - 4*x = -5*u - 4, u - a*x = -6. Let p(k) = -6*k**3 - k**2 - 2*k - 1. Calculate p(u).
6
Let a(f) = -33*f + 10. Let u(x) = 49*x - 14. Let l(w) = -7*a(w) - 5*u(w). What is l(-1)?
14
Let u = 1 - -3. Suppose -u*v + 10 = 2. Let x(n) = -4*n - n + v*n - 1. Give x(1).
-4
Let v be 3/(-6) - 15/(-6). Let g(w) = 4*w**2 - w - 2. What is g(v)?
12
Let h(w) = -1 + 6*w**2 - 5*w**2 + 2*w**2 - 3*w + 0*w + w**3. Let a be h(-3). Let l be a/(-3)*(-6)/4. Let m(u) = u**2 - 5*u + 3. Calculate m(l).
-1
Suppose 4*z = -5*m - 10, -11 = z - 0*z - 3*m. Let g(w) = -w**2 - 6*w - 1. Calculate g(z).
4
Suppose 5*b - 2*z - z - 1 = 0, 1 = -4*b + 3*z. Let j(v) = 7 - 2 - v**b - v + 2*v. What is j(4)?
-7
Let a(u) = 2*u + 2. Let y be (-7 + 6)*(-2 + 1). Suppose -3*k = y - 19. Give a(k).
14
Let j(n) = -4*n**3 - 6*n**2 - 2*n + 2. Let w(z) = z**3 + z**2 - 1. Let g(a) = j(a) + 3*w(a). Calculate g(-1).
-1
Suppose 2 = -j - 5*o + 1, -2*j + o + 9 = 0. Let v(n) = 2*n + 6 - 5 - 5. Calculate v(j).
4
Let w(r) = -r**2 + 15*r - 13. Let b(p) = -2*p - 12. Let d be b(-13). Let i be w(d). Let j(l) = 5*l**3 - l**2 + l - 1. Determine j(i).
4
Let d(l) = l**2 + l. Suppose 2*h - 27 = 5*k + 5*h, -4*k = -4*h - 4. Let s = 1 - 0. Let z = s + k. Calculate d(z).
2
Let s(a) be the first derivative of -a**2 + 7*a + 6 - 1/3*a**3. Determine s(-5).
-8
Let g be 4/(-24) - 109/(-6). Let b(f) = 3*f - 4*f**3 - 19 - 5*f + g + 6